et z(u) = -5*u + 2. Suppose 0 = -n - 4*n. Suppose 0 = -r - n*r + 4. Suppose 0 = -r*k - 5*h + 28, -k + 3*h = 8 + 2. What is z(k)?
-8
Let d(z) = 2*z + 7. Let l be (4/(-5))/(18/135). Give d(l).
-5
Let p(i) = -8*i**2 + 11*i**3 - 6*i**3 - 7*i - 1 - 6*i**3. Calculate p(-7).
-1
Let p(i) = -i**3 + 5*i**2 - i + 3. Suppose 0*a = a - 25. Suppose a = 5*m - 4*c, 0*m - c + 15 = 3*m. Calculate p(m).
-2
Let r(g) = -4 + 3 - 1 - 1 - g. Let n be r(2). Let t(o) = -o - 7. Calculate t(n).
-2
Let o(m) = -m - 1. Let b(f) = -f**3 + 2*f**2 + 4*f. Let w(j) = -b(j) - 2*o(j). Suppose 0 = 3*v - 16 - 20. Suppose -3*r - r = -v. Give w(r).
5
Let j = 2 - 0. Let t be 22/8 + j/8. Let i(f) = -f**2 - f - 2. Let o(r) = r**3 + 3*r**2 + 3*r + 6. Let n(d) = -5*i(d) - o(d). Determine n(t).
1
Suppose -125 = 2*b - 7*b. Let v be (-2)/10 + 55/b. Let g(x) = 2*x**3 - 3 + 2 - 2*x - x**3. Determine g(v).
3
Let p(d) = 9*d**3 - d**2 - d - 1. Suppose 6*m + 27 = 3*m - 3*z, -5*m = -4*z + 27. Let q = m - -6. Calculate p(q).
-10
Let i(w) = 4*w + 5. Let z(y) = -7*y - 10. Let j(b) = 5*i(b) + 3*z(b). Suppose 0 = -x + 2 - 0. Suppose 5*c = 4*m - 2*m + 18, -3*c = -x*m - 14. Determine j(m).
-1
Let l(j) be the third derivative of j**6/120 + 7*j**5/60 + j**4/4 - 5*j**3/6 + j**2. Let m be l(-6). Let w = m + 9. Let g(z) = -z**2 + 2*z + 2. What is g(w)?
-6
Let d(c) = 1 - 2 + c + 4. Suppose 0 = -0*s + s + 3. Calculate d(s).
0
Let c(a) be the second derivative of a**5/20 + a**4/2 - a**3/6 - 3*a**2 + 4*a. Suppose 2*g + 5*v = -32, g = -0*g - 5*v - 26. What is c(g)?
0
Suppose -4*b + 20 = -n, -b + 5*n = -3*b + 10. Let o(a) = -a**3 + 6*a**2 - 4*a. What is o(b)?
5
Let p(g) = -7*g**3 - 2*g**2 - 2*g - 1. Suppose 2*q + 4*h = 3 + 3, -2*h + 21 = -5*q. Let a be (q/1)/((-6)/10). Suppose 0 = -a*i + 2*i - 3. Determine p(i).
6
Let z(v) = -6*v**2 - 2*v - 1. Let i be z(-1). Let g be (-3)/(-3)*i - 1. Let w(s) = -s**2 - 6*s - 2. What is w(g)?
-2
Suppose -5*l = -l. Let t(q) = -q - 8. Give t(l).
-8
Let r(n) = -n**3 + 2*n**2 + 2*n. Let l be r(2). Suppose h = -l*h. Let w(k) = k**3 - k**2 + k + 1. What is w(h)?
1
Let u(w) = -3*w**2 - w - 11. Let g(r) = -r - 3. Let m be g(-5). Let o(i) = 3*i**m + 3 - i**2 + 7. Let j(n) = -4*o(n) - 3*u(n). Determine j(-5).
3
Let v = 2 + 0. Let h(o) = -v + 2 - o**2 - 3*o. Let x = -24 + 21. Give h(x).
0
Let k(s) = s - 4. Let c be 3*(8 + -2)/3. Let h = c + -10. Give k(h).
-8
Let r(n) = 16*n**2 + 2*n - 21*n**2 + n. Determine r(2).
-14
Let w(o) = o - 3. Let q be 2 - (1/1 - -1). Let t be (5 - -1)/(-1 - q). Let d(s) = s**3 + 5*s**2 - 6*s + 5. Let z be d(t). Calculate w(z).
2
Let b(a) = a**2 - 4*a - 1. Let f(h) = 6*h - 5. Let j(u) = 3*u - 2. Let m(w) = -3*f(w) + 7*j(w). Let q be m(2). Suppose q = o + 4. Determine b(o).
-4
Let g(f) = f - 7. Let n = 5 + 8. Suppose n = 4*j + 1. Give g(j).
-4
Suppose y + 4*y = -3*g - 22, 0 = 5*g + 20. Let w(t) = t**3 + 2*t**2 - 2*t - 2. Calculate w(y).
2
Let u(c) be the third derivative of 1/12*c**4 - 4*c**2 + 0 - 1/120*c**6 + 1/6*c**3 + 1/60*c**5 + 0*c. Determine u(2).
1
Let t(p) be the first derivative of 0*p**2 + 1/120*p**5 + 3 + 1/6*p**4 + 0*p + p**3. Let a(u) be the third derivative of t(u). Determine a(0).
4
Suppose -2 = -4*a - 2*f, 0 = -2*a - 4*f - 8 - 0. Let k(r) = -r - 2*r + r**2 + r**3 + a*r + 2. Suppose -4*z = -5*z. Determine k(z).
2
Let i(d) = -d**2 - 2*d + 10. Let m(h) = -h**2 - h + 11. Let w(u) = -5*i(u) + 4*m(u). Give w(-6).
-6
Let r(f) be the third derivative of -f**6/40 - f**5/60 - f**4/24 + f**3/3 + 67*f**2. Give r(2).
-28
Let c(i) = 3 - i - 20*i**3 + 21*i**3 - 3. Determine c(0).
0
Let l(h) = -5*h**3 + 9*h**2 + 3*h - 10. Let f(c) = 4*c**3 - 8*c**2 - 3*c + 9. Let q(i) = 6*f(i) + 5*l(i). Calculate q(-3).
13
Let y = -1 + 1. Suppose -2*b - 2*b + 8 = y. Let p(l) = -l**b - 2*l + 2*l - 3*l. Calculate p(-4).
-4
Let u(p) = -17 - 2*p + 20 + p. Calculate u(5).
-2
Let z(c) = c**3 - 4*c**2 + 3*c - 4. Let k(h) = -h**2 + 12*h - 8. Let s be k(11). Calculate z(s).
-4
Let u = -7 - -11. Suppose 4*x + 8 = -u. Let o = x + 4. Let b(h) = -4*h - 1. Give b(o).
-5
Let r = -8 + 11. Suppose 0 = -r*p - 4*d + 6 - 38, -p = -5*d - 21. Let w(z) = 5*z**2 + 11*z + 2*z**3 - z + 6 - z**3 - 3*z. Calculate w(p).
-6
Let l(y) = 4*y + 15*y - 9 - 20*y. Give l(0).
-9
Let x = -8 + 3. Let c(n) be the first derivative of 4*n + 3 - 3/2*n**2 - 1/3*n**3. Give c(x).
-6
Suppose -3*f = 2*v + 8, -2*v - 8 = -0*f + 2*f. Suppose -o - 2*o - 9 = f. Let g(w) = -w**2 - 2*w + 1. Determine g(o).
-2
Let o(b) = -b - 9. Let y be (-8)/28 - (-6)/21. Give o(y).
-9
Let c(z) be the second derivative of -2*z**4/3 - z**2/2 - 4*z. Let w be c(-2). Let l be 8/(-44) + 93/w. Let o(n) = n**2 + 3*n - 1. Calculate o(l).
-1
Let z(c) = c**2 + c. Let j be z(-2). Let m(w) = w**2 + 1 + 0 + j - 4*w - 1. What is m(5)?
7
Let g = -8 - -11. Suppose -12 = p - g*x, -2*p + 4*x = 3*p + 16. Let z be (p - 3)*5/(-3). Let o(k) = k**2 - 7*k + 2. Calculate o(z).
-8
Let z(h) = -h. Let l(m) = m**3 - 8*m**2 - 6*m - 3. Let t(k) = -l(k) + 6*z(k). Let y be t(8). Let o(f) = f - f**2 + 1 - 3 + 1 + y. Calculate o(2).
0
Let z(p) = 7*p**2 + p + 5. Let x(n) = n**2 - 9*n - 10. Let d be x(10). Let l be 0/(-1 + d) + 5. Let u(j) = -6*j**2 - 4. Let h(i) = l*u(i) + 4*z(i). Give h(3).
-6
Let n(p) be the third derivative of 1/120*p**6 + p**2 - 5/24*p**4 + 1/15*p**5 + 0 + 0*p + 1/2*p**3. Determine n(-5).
3
Let z(q) = -4*q**2 + 4 - q**3 + 5*q - 4 - 5. Suppose 3*p = -12, -2*p = 2*r - 5*p - 22. Suppose 0*k + k + r = 0. What is z(k)?
-5
Let l(a) = a**3 + 9*a**2 + 6*a - 3. Suppose 3*v + 6*c = c - 9, 0 = 5*v - 3*c + 49. Calculate l(v).
13
Let b = -7/4 - -9/4. Let d(q) be the third derivative of 1/120*q**6 + 1/15*q**5 - 1/24*q**4 + 0 + b*q**3 - 4*q**2 + 0*q. Determine d(-4).
7
Let h(y) = y - 1. Let o be h(3). Let u(k) = -1 - 2 - 171*k + 85*k + 91*k. Determine u(o).
7
Let y(b) be the first derivative of -b**3/6 + b**2 - 2*b + 4. Let x(p) be the first derivative of y(p). Suppose -2*h + 2 = -6. Give x(h).
-2
Let w(x) = -x + 7. Let g(v) be the second derivative of -v**3/6 + v**2/2 - 5*v. Let n be g(-4). What is w(n)?
2
Let i(f) be the first derivative of -f**2 + 51*f - 8 - 28*f - 29*f. Give i(-6).
6
Let w(g) be the third derivative of -g**6/60 - g**5/30 - g**4/12 - g**3/6 - 2*g**2. Suppose 2 = -3*a + a. Give w(a).
1
Let g(y) = -14 + 8 + y**2 - 9*y + 5 + 5. Give g(8).
-4
Let j(n) be the third derivative of -n**4/8 + n**3/6 + 6*n**2. Give j(-2).
7
Let q(u) = -7*u - 2. Let k(l) = 13*l + 4. Let x(v) = 6*k(v) + 11*q(v). Let c be -3*3/18*-6. What is x(c)?
5
Let t(d) be the first derivative of -d**3/3 + d**2/2 - d + 3. Let v = -17 - -12. Let a = -2 - v. What is t(a)?
-7
Let u(m) = -m**3 - 7*m**2 + 3*m + 2. Let v(r) = 2*r**3 + 8*r**2 - 4*r - 1. Let s(w) = -3*u(w) - 2*v(w). Determine s(3).
11
Suppose 3*y = 4 + 5. Suppose 8 = -j - s - s, 5*j = -y*s - 5. Let o(t) = 0*t**2 + 0*t**2 - t**j - 3. Determine o(0).
-3
Let k(x) = -x**2 + 13. Let r(y) = -y**2 + 14. Let g(a) = -2*k(a) + 3*r(a). Give g(0).
16
Let y(i) = -1. Let h(c) = c + 5. Let n(a) = -h(a) - 6*y(a). Suppose 0 = -2*k + 2*g - 2, -2*k - g + 10 = -6*g. Determine n(k).
6
Let c(l) = 7*l**3 + 12*l**2 - 8*l + 2. Let p(u) = -13*u**3 - 23*u**2 + 16*u - 3. Let d(b) = 11*c(b) + 6*p(b). Calculate d(-7).
-3
Suppose -3*o = 4*i - 32, -5*o + i = 4*i - 35. Let h(p) = -p**3 + 2*p**2 - 4*p - 5. Let x(t) = t**2. Let v(b) = h(b) + 3*x(b). Determine v(o).
-5
Let t(s) = -s**3 - 3*s**2 - 3*s. Let h(l) = l. Let c be h(-3). Calculate t(c).
9
Let i be (1/1 - 2)*0. Suppose 3*k = -i*k - 9. Let r(l) = 3*l + 4. Determine r(k).
-5
Let s(a) = 0 + 55*a - 5 - 58*a + 4. Determine s(3).
-10
Let k(d) = d**3 - 5*d**2 - 4*d + 7. Suppose 4*s - 7 - 13 = q, -24 = -2*s + 4*q. Suppose 14 = s*o - 3*h, -7*o - 4*h + 28 = -3*o. What is k(o)?
-13
Let p(k) = -5 - 4 + 6 - 4*k**2 + 2 + 2*k + k**3. Suppose 2*u = 4*y + 18, 2*u - 15 = u + 4*y. Give p(u).
-4
Let j(d) = 4*d**3 + 4*d**2 + 3*d - 9. Let i(g) = -7*g**3 - 7*g**2 - 5*g + 18. Let u(o) = -3*i(o) - 5*j(o). Determine u(0).
-9
Let t be 0*((-6)/9 + 1). Suppose c - 5 = t, -p = -c + 4*c - 18. Let w be (-2)/((-1 + p)*-1). Let i(f) = 2*f**3 - 2*f**2 + 2*f - 1. Give i(w).
1
Suppose 4*x - 4 = -v, -5*v + 13 = -7. Let h(g) = g + 2. Let l be h(x). Let w(y) be the second derivative of y**3/2 + y**2 + y. Give w(l).
8
Suppose 36 - 1 = 5*g. Let y(b) = -14*b + 9.